{"id":30671,"date":"2015-04-19T07:07:03","date_gmt":"2015-04-19T07:07:03","guid":{"rendered":"http:\/\/dahz.daffyhazan.com\/dejure\/lawfirm\/?page_id=30671"},"modified":"2025-10-29T08:10:14","modified_gmt":"2025-10-29T08:10:14","slug":"jack-nicholas","status":"publish","type":"page","link":"https:\/\/omlegal.pl\/?page_id=30671","title":{"rendered":"Jakub Michalski"},"content":{"rendered":"<p><span style=\"color: #a78f68;\"><strong>Jakub Michalski<\/strong><\/span><\/p>\n<p style=\"text-align: justify;\">adwokat, wpisany na list\u0119 adwokat\u00f3w Okr\u0119gowej Rady Adwokackiej w Warszawie. Absolwent Uniwersytetu Warszawskiego.<\/p>\n<p style=\"text-align: justify;\">Karier\u0119 zawodow\u0105 rozpoczyna\u0142 w organizacjach pozarz\u0105dowych ukierunkowanych na ochron\u0119 praw cz\u0142owieka. Wsp\u00f3\u0142pracowa\u0142 mi\u0119dzy innymi z Helsi\u0144sk\u0105 Fundacj\u0105 Praw Cz\u0142owieka.<\/p>\n<p style=\"text-align: justify;\">Nast\u0119pnie przez blisko 10 lat zwi\u0105zany z sektorem publicznym gdzie zajmowa\u0142 si\u0119 analizami strategicznymi w wymiarze sprawiedliwo\u015bci i jako zast\u0119pca dyrektora Departamentu Strategii i Funduszy Europejskich odpowiada\u0142 za budowanie strategii dla Ministerstwa Sprawiedliwo\u015bci. Wieloletni korespondent Rady Europy na Polsk\u0119 w zakresie badania sprawno\u015bci system\u00f3w sprawiedliwo\u015bci.<\/p>\n<p style=\"text-align: justify;\">Uczestnik prac nad raportami Doing Business Banku \u015awiatowego m.in. w obszarach rozpoczynania dzia\u0142alno\u015bci gospodarczej, obrotu nieruchomo\u015bciami i odzyskiwania nale\u017cno\u015bci kontraktowych.<\/p>\n<p style=\"text-align: justify;\">Poza obszarami zwi\u0105zanymi z prawem zajmowa\u0142 si\u0119 ocen\u0105 skutk\u00f3w finansowych rozwi\u0105za\u0144 legislacyjnych oraz analiz\u0105 ryzyka w projektach modernizacyjnych. Autor publikacji z zakresu funkcjonowania wymiaru sprawiedliwo\u015bci oraz prawa gospodarczego.<\/p>\n<p style=\"text-align: justify;\">Prywatnie mi\u0142o\u015bnik ps\u00f3w, motocykli i w\u0119dr\u00f3wek g\u00f3rskich.<\/p>\n<h1><\/h1>\n","protected":false},"excerpt":{"rendered":"<p>Jakub Michalski adwokat, wpisany na list\u0119 adwokat\u00f3w Okr\u0119gowej Rady Adwokackiej w Warszawie. Absolwent Uniwersytetu Warszawskiego. Karier\u0119 zawodow\u0105 rozpoczyna\u0142 w organizacjach pozarz\u0105dowych ukierunkowanych na ochron\u0119 praw cz\u0142owieka. Wsp\u00f3\u0142pracowa\u0142 mi\u0119dzy innymi z Helsi\u0144sk\u0105 Fundacj\u0105 Praw Cz\u0142owieka. Nast\u0119pnie przez blisko 10 lat zwi\u0105zany z sektorem publicznym gdzie zajmowa\u0142 si\u0119 analizami strategicznymi w wymiarze sprawiedliwo\u015bci i jako zast\u0119pca dyrektora [&hellip;]<a href=\"https:\/\/omlegal.pl\/?page_id=30671\" class=\"df-link-excerpt\">Continue reading<\/a><\/p>\n","protected":false},"author":1,"featured_media":0,"parent":0,"menu_order":0,"comment_status":"closed","ping_status":"closed","template":"","meta":[],"_links":{"self":[{"href":"https:\/\/omlegal.pl\/index.php?rest_route=\/wp\/v2\/pages\/30671"}],"collection":[{"href":"https:\/\/omlegal.pl\/index.php?rest_route=\/wp\/v2\/pages"}],"about":[{"href":"https:\/\/omlegal.pl\/index.php?rest_route=\/wp\/v2\/types\/page"}],"author":[{"embeddable":true,"href":"https:\/\/omlegal.pl\/index.php?rest_route=\/wp\/v2\/users\/1"}],"replies":[{"embeddable":true,"href":"https:\/\/omlegal.pl\/index.php?rest_route=%2Fwp%2Fv2%2Fcomments&post=30671"}],"version-history":[{"count":7,"href":"https:\/\/omlegal.pl\/index.php?rest_route=\/wp\/v2\/pages\/30671\/revisions"}],"predecessor-version":[{"id":32614,"href":"https:\/\/omlegal.pl\/index.php?rest_route=\/wp\/v2\/pages\/30671\/revisions\/32614"}],"wp:attachment":[{"href":"https:\/\/omlegal.pl\/index.php?rest_route=%2Fwp%2Fv2%2Fmedia&parent=30671"}],"curies":[{"name":"wp","href":"https:\/\/api.w.org\/{rel}","templated":true}]}}

<p><span style="color: #a78f68;"><strong>Jakub Michalski</strong></span></p>
<p style="text-align: justify;">adwokat, wpisany na listę adwokatów Okręgowej Rady Adwokackiej w Warszawie. Absolwent Uniwersytetu Warszawskiego.</p>
<p style="text-align: justify;">Karierę zawodową rozpoczynał w organizacjach pozarządowych ukierunkowanych na ochronę praw człowieka. Współpracował między innymi z Helsińską Fundacją Praw Człowieka.</p>
<p style="text-align: justify;">Następnie przez blisko 10 lat związany z sektorem publicznym gdzie zajmował się analizami strategicznymi w wymiarze sprawiedliwości i jako zastępca dyrektora Departamentu Strategii i Funduszy Europejskich odpowiadał za budowanie strategii dla Ministerstwa Sprawiedliwości. Wieloletni korespondent Rady Europy na Polskę w zakresie badania sprawności systemów sprawiedliwości.</p>
<p style="text-align: justify;">Uczestnik prac nad raportami Doing Business Banku Światowego m.in. w obszarach rozpoczynania działalności gospodarczej, obrotu nieruchomościami i odzyskiwania należności kontraktowych.</p>
<p style="text-align: justify;">Poza obszarami związanymi z prawem zajmował się oceną skutków finansowych rozwiązań legislacyjnych oraz analizą ryzyka w projektach modernizacyjnych. Autor publikacji z zakresu funkcjonowania wymiaru sprawiedliwości oraz prawa gospodarczego.</p>
<p style="text-align: justify;">Prywatnie miłośnik psów, motocykli i wędrówek górskich.</p>
<h1></h1>

<p>Jakub Michalski adwokat, wpisany na listę adwokatów Okręgowej Rady Adwokackiej w Warszawie. Absolwent Uniwersytetu Warszawskiego. Karierę zawodową rozpoczynał w organizacjach pozarządowych ukierunkowanych na ochronę praw człowieka. Współpracował między innymi z Helsińską Fundacją Praw Człowieka. Następnie przez blisko 10 lat związany z sektorem publicznym gdzie zajmował się analizami strategicznymi w wymiarze sprawiedliwości i jako zastępca dyrektora [&hellip;]<a href="https://omlegal.pl/?page_id=30671" class="df-link-excerpt">Continue reading</a></p>
